{"id":1607,"date":"2021-10-18T17:47:19","date_gmt":"2021-10-18T17:47:19","guid":{"rendered":"http:\/\/rapsodamindstock.com\/?page_id=1607"},"modified":"2021-11-06T19:11:09","modified_gmt":"2021-11-06T19:11:09","slug":"soluciones-innovadoras-desarrollo-de-software","status":"publish","type":"page","link":"https:\/\/rapsodamindstock.com\/index.php\/soluciones-innovadoras-desarrollo-de-software\/","title":{"rendered":"Desarrollo de Software"},"content":{"rendered":"\n<p>El presente requiere acci\u00f3n para que el futuro sea prometedor. Esa es parte de la filosof\u00eda Rapsoda.<\/p>\n\n\n\n<p>Hoy, estar presente en el mercado significa responder a los gustos, preferencias y necesidades digitales de clientes, socios y usuarios internos.<\/p>\n\n\n\n<p>La automatizaci\u00f3n y optimizaci\u00f3n de procesos a trav\u00e9s de Medios Electr\u00f3nicos y Herramientas Digitales que brinden <strong>confianza, facilidad de uso y sobre todo seguridad <\/strong>es indispensable .<\/p>\n\n\n\n<p>Sin embargo, desarrollar este tipo de herramientas es una tarea compleja que&nbsp; requiere de experiencia, planificaci\u00f3n, compromiso y creatividad.<\/p>\n\n\n\n<p>Dise\u00f1ar y desarrollar un <a href=\"https:\/\/rapsodamindstock.com\/index.php\/2021\/10\/31\/4-razones-por-las-que-debes-tener-tu-software-empresarial\/\">Software exclusivo para resolver las necesidades de tu empresa tiene diversas ventajas<\/a>, entre las m\u00e1s importantes:<\/p>\n\n\n\n<ul class=\"wp-block-list\"><li><strong>Reducci\u00f3n de Costos<\/strong> Operativos y Administrativos;<\/li><li><strong>Ahorro en Tiempos<\/strong> de Gesti\u00f3n;<\/li><li>Incremento de la<strong> Productividad<\/strong>;<\/li><\/ul>\n\n\n\n<figure class=\"wp-block-image size-large\"><img fetchpriority=\"high\" decoding=\"async\" width=\"944\" height=\"788\" src=\"https:\/\/rapsodamindstock.com\/wp-content\/uploads\/2021\/10\/FB_Post_2_Servicios.jpg\" alt=\"\" class=\"wp-image-2343\" srcset=\"https:\/\/rapsodamindstock.com\/wp-content\/uploads\/2021\/10\/FB_Post_2_Servicios.jpg 944w, https:\/\/rapsodamindstock.com\/wp-content\/uploads\/2021\/10\/FB_Post_2_Servicios-300x250.jpg 300w, https:\/\/rapsodamindstock.com\/wp-content\/uploads\/2021\/10\/FB_Post_2_Servicios-768x641.jpg 768w\" sizes=\"(max-width: 944px) 100vw, 944px\" \/><\/figure>\n\n\n\n<p>En Rapsoda contamos con un equipo de expertos en <a href=\"https:\/\/rapsodamindstock.com\/index.php\/2021\/10\/17\/desarrollo-de-software-exclusivo-para-tus-necesidades\/\">an\u00e1lisis y modelado de procesos<\/a>, para ofrecerte opciones viables, integrales y altamente confiables que permitir\u00e1n <strong>la transformaci\u00f3n e incorporaci\u00f3n de procedimientos estrat\u00e9gicos y flujos de trabajo en soluciones inform\u00e1ticas.&nbsp;<\/strong><\/p>\n\n\n\n<p>Tenemos alianzas estrat\u00e9gicas con empresas de tecnolog\u00eda en toda la rep\u00fablica, que nos permiten tener presencia nacional, disminuir costos y ofrecer <strong>soluciones innovadoras<\/strong>.&nbsp;<\/p>\n\n\n\n<p>Para nosotros, uno de nuestros prop\u00f3sitos fundamentales es <strong>crear relaciones de confianza y confiabilidad.<\/strong><\/p>\n\n\n\n<p>Cont\u00e1ctanos y con gusto te ayudaremos en cualquiera de estas tareas.<\/p>\n\n\n\n<ul class=\"wp-block-list\">\n<li>Correo electr\u00f3nico: contacto@rapsodamindstock.com<\/li>\n\n\n\n<li>Facebook: https:\/\/www.facebook.com\/rapsodamx<\/li>\n<\/ul>\n\n\n\n<p class=\"has-text-align-right\"><a href=\"https:\/\/rapsodamindstock.com\/\">Haz clic aqu\u00ed para regresar a la p\u00e1gina de inicio.<\/a><\/p>\n","protected":false},"excerpt":{"rendered":"<p>El presente requiere acci\u00f3n para que el futuro sea prometedor. Esa es parte de la<\/p>\n","protected":false},"author":1,"featured_media":0,"parent":0,"menu_order":0,"comment_status":"closed","ping_status":"closed","template":"","meta":{"_monsterinsights_skip_tracking":false,"_monsterinsights_sitenote_active":false,"_monsterinsights_sitenote_note":"","_monsterinsights_sitenote_category":0,"_joinchat":[],"footnotes":""},"class_list":["post-1607","page","type-page","status-publish","hentry"],"aioseo_notices":[],"_links":{"self":[{"href":"https:\/\/rapsodamindstock.com\/index.php\/wp-json\/wp\/v2\/pages\/1607","targetHints":{"allow":["GET"]}}],"collection":[{"href":"https:\/\/rapsodamindstock.com\/index.php\/wp-json\/wp\/v2\/pages"}],"about":[{"href":"https:\/\/rapsodamindstock.com\/index.php\/wp-json\/wp\/v2\/types\/page"}],"author":[{"embeddable":true,"href":"https:\/\/rapsodamindstock.com\/index.php\/wp-json\/wp\/v2\/users\/1"}],"replies":[{"embeddable":true,"href":"https:\/\/rapsodamindstock.com\/index.php\/wp-json\/wp\/v2\/comments?post=1607"}],"version-history":[{"count":21,"href":"https:\/\/rapsodamindstock.com\/index.php\/wp-json\/wp\/v2\/pages\/1607\/revisions"}],"predecessor-version":[{"id":2490,"href":"https:\/\/rapsodamindstock.com\/index.php\/wp-json\/wp\/v2\/pages\/1607\/revisions\/2490"}],"wp:attachment":[{"href":"https:\/\/rapsodamindstock.com\/index.php\/wp-json\/wp\/v2\/media?parent=1607"}],"curies":[{"name":"wp","href":"https:\/\/api.w.org\/{rel}","templated":true}]}}