{"id":1040,"date":"2020-12-15T00:29:58","date_gmt":"2020-12-15T00:29:58","guid":{"rendered":"http:\/\/rapsodamindstock.com\/?page_id=1040"},"modified":"2020-12-15T15:30:39","modified_gmt":"2020-12-15T15:30:39","slug":"galerias","status":"publish","type":"page","link":"https:\/\/rapsodamindstock.com\/index.php\/galerias\/","title":{"rendered":"Galer\u00edas"},"content":{"rendered":"\n<p>En esta secci\u00f3n, usted podr\u00e1 consultar los dise\u00f1os que le ofrecemos para elaborar su tienda.<\/p>\n\n\n\n<p>Estos dise\u00f1os son demostrativos y se pueden adecuar al tipo de actividad econ\u00f3mica y productos que comercializa.<\/p>\n\n\n\n<p>Si lo desea, tabien podr\u00e1 seleccionarlos directamente del men\u00fa principal.<\/p>\n\n\n\n<p class=\"has-text-align-center\"><strong>Covent.<\/strong><\/p>\n\n\n<div class=\"rl-gallery-container rl-loading rl-pagination-infinite\" id=\"rl-gallery-container-1\" data-gallery_id=\"1030\"> <div class=\"rl-gallery rl-basicmasonry-gallery rl-hover-effect-1 rl-hover-icon-2\" id=\"rl-gallery-1\" data-gallery_no=\"1\"> <div class=\"rl-gutter-sizer\"><\/div><div class=\"rl-grid-sizer\"><\/div> <div class=\"rl-gallery-item rl-gallery-item-width-4\" > <div class=\"rl-gallery-item-content\"> <a href=\"https:\/\/rapsodamindstock.com\/wp-content\/uploads\/2020\/12\/2.png\" title=\"\" data-rl_title=\"\" class=\"rl-gallery-link\" data-rl_caption=\"\" data-rel=\"lightbox-gallery-1\"><img fetchpriority=\"high\" decoding=\"async\" src=\"https:\/\/rapsodamindstock.com\/wp-content\/uploads\/2020\/12\/2-300x188.png\" width=\"300\" height=\"188\" alt=\"\"\/><\/a> <\/div> <\/div> <div class=\"rl-gallery-item\" > <div class=\"rl-gallery-item-content\"> <a href=\"https:\/\/rapsodamindstock.com\/wp-content\/uploads\/2020\/12\/4.png\" title=\"\" data-rl_title=\"\" class=\"rl-gallery-link\" data-rl_caption=\"\" data-rel=\"lightbox-gallery-1\"><img decoding=\"async\" src=\"https:\/\/rapsodamindstock.com\/wp-content\/uploads\/2020\/12\/4-300x188.png\" width=\"300\" height=\"188\" alt=\"\"\/><\/a> <\/div> <\/div> <div class=\"rl-gallery-item\" > <div class=\"rl-gallery-item-content\"> <a href=\"https:\/\/rapsodamindstock.com\/wp-content\/uploads\/2020\/12\/3.png\" title=\"\" data-rl_title=\"\" class=\"rl-gallery-link\" data-rl_caption=\"\" data-rel=\"lightbox-gallery-1\"><img decoding=\"async\" src=\"https:\/\/rapsodamindstock.com\/wp-content\/uploads\/2020\/12\/3-300x188.png\" width=\"300\" height=\"188\" alt=\"\"\/><\/a> <\/div> <\/div> <div class=\"rl-gallery-item\" > <div class=\"rl-gallery-item-content\"> <a href=\"https:\/\/rapsodamindstock.com\/wp-content\/uploads\/2020\/12\/6.png\" title=\"\" data-rl_title=\"\" class=\"rl-gallery-link\" data-rl_caption=\"\" data-rel=\"lightbox-gallery-1\"><img loading=\"lazy\" decoding=\"async\" src=\"https:\/\/rapsodamindstock.com\/wp-content\/uploads\/2020\/12\/6-300x188.png\" width=\"300\" height=\"188\" alt=\"\"\/><\/a> <\/div> <\/div> <div class=\"rl-gallery-item\" > <div class=\"rl-gallery-item-content\"> <a href=\"https:\/\/rapsodamindstock.com\/wp-content\/uploads\/2020\/12\/5.png\" title=\"\" data-rl_title=\"\" class=\"rl-gallery-link\" data-rl_caption=\"\" data-rel=\"lightbox-gallery-1\"><img loading=\"lazy\" decoding=\"async\" src=\"https:\/\/rapsodamindstock.com\/wp-content\/uploads\/2020\/12\/5-300x188.png\" width=\"300\" height=\"188\" alt=\"\"\/><\/a> <\/div> <\/div> <div class=\"rl-gallery-item\" > <div class=\"rl-gallery-item-content\"> <a href=\"https:\/\/rapsodamindstock.com\/wp-content\/uploads\/2020\/12\/7.png\" title=\"\" data-rl_title=\"\" class=\"rl-gallery-link\" data-rl_caption=\"\" data-rel=\"lightbox-gallery-1\"><img loading=\"lazy\" decoding=\"async\" src=\"https:\/\/rapsodamindstock.com\/wp-content\/uploads\/2020\/12\/7-300x188.png\" width=\"300\" height=\"188\" alt=\"\"\/><\/a> <\/div> <\/div> <div class=\"rl-gallery-item\" > <div class=\"rl-gallery-item-content\"> <a href=\"https:\/\/rapsodamindstock.com\/wp-content\/uploads\/2020\/12\/9.png\" title=\"\" data-rl_title=\"\" class=\"rl-gallery-link\" data-rl_caption=\"\" data-rel=\"lightbox-gallery-1\"><img loading=\"lazy\" decoding=\"async\" src=\"https:\/\/rapsodamindstock.com\/wp-content\/uploads\/2020\/12\/9-300x188.png\" width=\"300\" height=\"188\" alt=\"\"\/><\/a> <\/div> <\/div> <div class=\"rl-gallery-item\" > <div class=\"rl-gallery-item-content\"> <a href=\"https:\/\/rapsodamindstock.com\/wp-content\/uploads\/2020\/12\/8.png\" title=\"\" data-rl_title=\"\" class=\"rl-gallery-link\" data-rl_caption=\"\" data-rel=\"lightbox-gallery-1\"><img loading=\"lazy\" decoding=\"async\" src=\"https:\/\/rapsodamindstock.com\/wp-content\/uploads\/2020\/12\/8-300x188.png\" width=\"300\" height=\"188\" alt=\"\"\/><\/a> <\/div> <\/div> <div class=\"rl-gallery-item\" > <div class=\"rl-gallery-item-content\"> <a href=\"https:\/\/rapsodamindstock.com\/wp-content\/uploads\/2020\/12\/10.png\" title=\"\" data-rl_title=\"\" class=\"rl-gallery-link\" data-rl_caption=\"\" data-rel=\"lightbox-gallery-1\"><img loading=\"lazy\" decoding=\"async\" src=\"https:\/\/rapsodamindstock.com\/wp-content\/uploads\/2020\/12\/10-300x188.png\" width=\"300\" height=\"188\" alt=\"\"\/><\/a> <\/div> <\/div> <\/div> <div class=\"rl-pagination rl-pagination-bottom\" data-button=\"automatically\"><\/div> <\/div>\n\n\n\n<p class=\"has-text-align-center\"><strong>Panmiwi.<\/strong><\/p>\n\n\n<div class=\"rl-gallery-container rl-loading rl-pagination-paged\" id=\"rl-gallery-container-2\" data-gallery_id=\"1051\"> <div class=\"rl-gallery rl-basicmasonry-gallery rl-hover-effect-1 rl-hover-icon-2\" id=\"rl-gallery-2\" data-gallery_no=\"2\"> <div class=\"rl-gutter-sizer\"><\/div><div class=\"rl-grid-sizer\"><\/div> <div class=\"rl-gallery-item rl-gallery-item-width-4\" > <div class=\"rl-gallery-item-content\"> <a href=\"https:\/\/rapsodamindstock.com\/wp-content\/uploads\/2020\/12\/P_1.png\" title=\"\" data-rl_title=\"\" class=\"rl-gallery-link\" data-rl_caption=\"\" data-rel=\"lightbox-gallery-2\"><img loading=\"lazy\" decoding=\"async\" src=\"https:\/\/rapsodamindstock.com\/wp-content\/uploads\/2020\/12\/P_1-300x188.png\" width=\"300\" height=\"188\" alt=\"\"\/><\/a> <\/div> <\/div> <div class=\"rl-gallery-item\" > <div class=\"rl-gallery-item-content\"> <a href=\"https:\/\/rapsodamindstock.com\/wp-content\/uploads\/2020\/12\/P_2.png\" title=\"\" data-rl_title=\"\" class=\"rl-gallery-link\" data-rl_caption=\"\" data-rel=\"lightbox-gallery-2\"><img loading=\"lazy\" decoding=\"async\" src=\"https:\/\/rapsodamindstock.com\/wp-content\/uploads\/2020\/12\/P_2-300x188.png\" width=\"300\" height=\"188\" alt=\"\"\/><\/a> <\/div> <\/div> <div class=\"rl-gallery-item\" > <div class=\"rl-gallery-item-content\"> <a href=\"https:\/\/rapsodamindstock.com\/wp-content\/uploads\/2020\/12\/P_3.png\" title=\"\" data-rl_title=\"\" class=\"rl-gallery-link\" data-rl_caption=\"\" data-rel=\"lightbox-gallery-2\"><img loading=\"lazy\" decoding=\"async\" src=\"https:\/\/rapsodamindstock.com\/wp-content\/uploads\/2020\/12\/P_3-300x188.png\" width=\"300\" height=\"188\" alt=\"\"\/><\/a> <\/div> <\/div> <div class=\"rl-gallery-item\" > <div class=\"rl-gallery-item-content\"> <a href=\"https:\/\/rapsodamindstock.com\/wp-content\/uploads\/2020\/12\/P_4.png\" title=\"\" data-rl_title=\"\" class=\"rl-gallery-link\" data-rl_caption=\"\" data-rel=\"lightbox-gallery-2\"><img loading=\"lazy\" decoding=\"async\" src=\"https:\/\/rapsodamindstock.com\/wp-content\/uploads\/2020\/12\/P_4-300x188.png\" width=\"300\" height=\"188\" alt=\"\"\/><\/a> <\/div> <\/div> <div class=\"rl-gallery-item\" > <div class=\"rl-gallery-item-content\"> <a href=\"https:\/\/rapsodamindstock.com\/wp-content\/uploads\/2020\/12\/P_5.png\" title=\"\" data-rl_title=\"\" class=\"rl-gallery-link\" data-rl_caption=\"\" data-rel=\"lightbox-gallery-2\"><img loading=\"lazy\" decoding=\"async\" src=\"https:\/\/rapsodamindstock.com\/wp-content\/uploads\/2020\/12\/P_5-300x188.png\" width=\"300\" height=\"188\" alt=\"\"\/><\/a> <\/div> <\/div> <div class=\"rl-gallery-item\" > <div class=\"rl-gallery-item-content\"> <a href=\"https:\/\/rapsodamindstock.com\/wp-content\/uploads\/2020\/12\/P_6.png\" title=\"\" data-rl_title=\"\" class=\"rl-gallery-link\" data-rl_caption=\"\" data-rel=\"lightbox-gallery-2\"><img loading=\"lazy\" decoding=\"async\" src=\"https:\/\/rapsodamindstock.com\/wp-content\/uploads\/2020\/12\/P_6-300x188.png\" width=\"300\" height=\"188\" alt=\"\"\/><\/a> <\/div> <\/div> <div class=\"rl-gallery-item\" > <div class=\"rl-gallery-item-content\"> <a href=\"https:\/\/rapsodamindstock.com\/wp-content\/uploads\/2020\/12\/P_8.png\" title=\"\" data-rl_title=\"\" class=\"rl-gallery-link\" data-rl_caption=\"\" data-rel=\"lightbox-gallery-2\"><img loading=\"lazy\" decoding=\"async\" src=\"https:\/\/rapsodamindstock.com\/wp-content\/uploads\/2020\/12\/P_8-300x188.png\" width=\"300\" height=\"188\" alt=\"\"\/><\/a> <\/div> <\/div> <div class=\"rl-gallery-item\" > <div class=\"rl-gallery-item-content\"> <a href=\"https:\/\/rapsodamindstock.com\/wp-content\/uploads\/2020\/12\/P_7.png\" title=\"\" data-rl_title=\"\" class=\"rl-gallery-link\" data-rl_caption=\"\" data-rel=\"lightbox-gallery-2\"><img loading=\"lazy\" decoding=\"async\" src=\"https:\/\/rapsodamindstock.com\/wp-content\/uploads\/2020\/12\/P_7-300x188.png\" width=\"300\" height=\"188\" alt=\"\"\/><\/a> <\/div> <\/div> <div class=\"rl-gallery-item\" > <div class=\"rl-gallery-item-content\"> <a href=\"https:\/\/rapsodamindstock.com\/wp-content\/uploads\/2020\/12\/P_9.png\" title=\"\" data-rl_title=\"\" class=\"rl-gallery-link\" data-rl_caption=\"\" data-rel=\"lightbox-gallery-2\"><img loading=\"lazy\" decoding=\"async\" src=\"https:\/\/rapsodamindstock.com\/wp-content\/uploads\/2020\/12\/P_9-300x188.png\" width=\"300\" height=\"188\" alt=\"\"\/><\/a> <\/div> <\/div> <div class=\"rl-gallery-item\" > <div class=\"rl-gallery-item-content\"> <a href=\"https:\/\/rapsodamindstock.com\/wp-content\/uploads\/2020\/12\/P_11.png\" title=\"\" data-rl_title=\"\" class=\"rl-gallery-link\" data-rl_caption=\"\" data-rel=\"lightbox-gallery-2\"><img loading=\"lazy\" decoding=\"async\" src=\"https:\/\/rapsodamindstock.com\/wp-content\/uploads\/2020\/12\/P_11-300x188.png\" width=\"300\" height=\"188\" alt=\"\"\/><\/a> <\/div> <\/div> <\/div> <div class=\"rl-pagination rl-pagination-bottom\"><\/div> <\/div>\n\n\n\n<p class=\"has-text-align-center\"><strong>Bienmesabes.<\/strong><\/p>\n\n\n<div class=\"rl-gallery-container rl-loading rl-pagination-paged\" id=\"rl-gallery-container-3\" data-gallery_id=\"1063\"> <div class=\"rl-gallery rl-basicmasonry-gallery rl-hover-icon-2\" id=\"rl-gallery-3\" data-gallery_no=\"3\"> <div class=\"rl-gutter-sizer\"><\/div><div class=\"rl-grid-sizer\"><\/div> <div class=\"rl-gallery-item rl-gallery-item-width-4\" > <div class=\"rl-gallery-item-content\"> <a href=\"https:\/\/rapsodamindstock.com\/wp-content\/uploads\/2020\/12\/02.png\" title=\"\" data-rl_title=\"\" class=\"rl-gallery-link\" data-rl_caption=\"\" data-rel=\"lightbox-gallery-3\"><img loading=\"lazy\" decoding=\"async\" src=\"https:\/\/rapsodamindstock.com\/wp-content\/uploads\/2020\/12\/02-300x188.png\" width=\"300\" height=\"188\" alt=\"\"\/><\/a> <\/div> <\/div> <div class=\"rl-gallery-item\" > <div class=\"rl-gallery-item-content\"> <a href=\"https:\/\/rapsodamindstock.com\/wp-content\/uploads\/2020\/12\/03.png\" title=\"\" data-rl_title=\"\" class=\"rl-gallery-link\" data-rl_caption=\"\" data-rel=\"lightbox-gallery-3\"><img loading=\"lazy\" decoding=\"async\" src=\"https:\/\/rapsodamindstock.com\/wp-content\/uploads\/2020\/12\/03-300x188.png\" width=\"300\" height=\"188\" alt=\"\"\/><\/a> <\/div> <\/div> <div class=\"rl-gallery-item\" > <div class=\"rl-gallery-item-content\"> <a href=\"https:\/\/rapsodamindstock.com\/wp-content\/uploads\/2020\/12\/05.png\" title=\"\" data-rl_title=\"\" class=\"rl-gallery-link\" data-rl_caption=\"\" data-rel=\"lightbox-gallery-3\"><img loading=\"lazy\" decoding=\"async\" src=\"https:\/\/rapsodamindstock.com\/wp-content\/uploads\/2020\/12\/05-300x188.png\" width=\"300\" height=\"188\" alt=\"\"\/><\/a> <\/div> <\/div> <div class=\"rl-gallery-item\" > <div class=\"rl-gallery-item-content\"> <a href=\"https:\/\/rapsodamindstock.com\/wp-content\/uploads\/2020\/12\/12.png\" title=\"\" data-rl_title=\"\" class=\"rl-gallery-link\" data-rl_caption=\"\" data-rel=\"lightbox-gallery-3\"><img loading=\"lazy\" decoding=\"async\" src=\"https:\/\/rapsodamindstock.com\/wp-content\/uploads\/2020\/12\/12-300x188.png\" width=\"300\" height=\"188\" alt=\"\"\/><\/a> <\/div> <\/div> <div class=\"rl-gallery-item\" > <div class=\"rl-gallery-item-content\"> <a href=\"https:\/\/rapsodamindstock.com\/wp-content\/uploads\/2020\/12\/08.png\" title=\"\" data-rl_title=\"\" class=\"rl-gallery-link\" data-rl_caption=\"\" data-rel=\"lightbox-gallery-3\"><img loading=\"lazy\" decoding=\"async\" src=\"https:\/\/rapsodamindstock.com\/wp-content\/uploads\/2020\/12\/08-300x188.png\" width=\"300\" height=\"188\" alt=\"\"\/><\/a> <\/div> <\/div> <div class=\"rl-gallery-item\" > <div class=\"rl-gallery-item-content\"> <a href=\"https:\/\/rapsodamindstock.com\/wp-content\/uploads\/2020\/12\/06.png\" title=\"\" data-rl_title=\"\" class=\"rl-gallery-link\" data-rl_caption=\"\" data-rel=\"lightbox-gallery-3\"><img loading=\"lazy\" decoding=\"async\" src=\"https:\/\/rapsodamindstock.com\/wp-content\/uploads\/2020\/12\/06-300x188.png\" width=\"300\" height=\"188\" alt=\"\"\/><\/a> <\/div> <\/div> <div class=\"rl-gallery-item\" > <div class=\"rl-gallery-item-content\"> <a href=\"https:\/\/rapsodamindstock.com\/wp-content\/uploads\/2020\/12\/07.png\" title=\"\" data-rl_title=\"\" class=\"rl-gallery-link\" data-rl_caption=\"\" data-rel=\"lightbox-gallery-3\"><img loading=\"lazy\" decoding=\"async\" src=\"https:\/\/rapsodamindstock.com\/wp-content\/uploads\/2020\/12\/07-300x188.png\" width=\"300\" height=\"188\" alt=\"\"\/><\/a> <\/div> <\/div> <div class=\"rl-gallery-item\" > <div class=\"rl-gallery-item-content\"> <a href=\"https:\/\/rapsodamindstock.com\/wp-content\/uploads\/2020\/12\/10-1.png\" title=\"\" data-rl_title=\"\" class=\"rl-gallery-link\" data-rl_caption=\"\" data-rel=\"lightbox-gallery-3\"><img loading=\"lazy\" decoding=\"async\" src=\"https:\/\/rapsodamindstock.com\/wp-content\/uploads\/2020\/12\/10-1-300x188.png\" width=\"300\" height=\"188\" alt=\"\"\/><\/a> <\/div> <\/div> <div class=\"rl-gallery-item\" > <div class=\"rl-gallery-item-content\"> <a href=\"https:\/\/rapsodamindstock.com\/wp-content\/uploads\/2020\/12\/11.png\" title=\"\" data-rl_title=\"\" class=\"rl-gallery-link\" data-rl_caption=\"\" data-rel=\"lightbox-gallery-3\"><img loading=\"lazy\" decoding=\"async\" src=\"https:\/\/rapsodamindstock.com\/wp-content\/uploads\/2020\/12\/11-300x188.png\" width=\"300\" height=\"188\" alt=\"\"\/><\/a> <\/div> <\/div> <div class=\"rl-gallery-item\" > <div class=\"rl-gallery-item-content\"> <a href=\"https:\/\/rapsodamindstock.com\/wp-content\/uploads\/2020\/12\/17.png\" title=\"\" data-rl_title=\"\" class=\"rl-gallery-link\" data-rl_caption=\"\" data-rel=\"lightbox-gallery-3\"><img loading=\"lazy\" decoding=\"async\" src=\"https:\/\/rapsodamindstock.com\/wp-content\/uploads\/2020\/12\/17-300x188.png\" width=\"300\" height=\"188\" alt=\"\"\/><\/a> <\/div> <\/div> <\/div> <div class=\"rl-pagination rl-pagination-bottom\"><span aria-current=\"page\" class=\"page-numbers current\">1<\/span> <a class=\"page-numbers\" href=\"https:\/\/rapsodamindstock.com\/wp-json\/wp\/v2\/pages\/1040?rl_gallery_no=3&#038;rl_page=2\">2<\/a> <a class=\"next page-numbers\" href=\"https:\/\/rapsodamindstock.com\/wp-json\/wp\/v2\/pages\/1040?rl_gallery_no=3&#038;rl_page=2\">Siguiente &raquo;<\/a><\/div> <\/div>\n","protected":false},"excerpt":{"rendered":"<p>En esta secci\u00f3n, usted podr\u00e1 consultar los dise\u00f1os que le ofrecemos para elaborar su tienda.<\/p>\n","protected":false},"author":1,"featured_media":0,"parent":0,"menu_order":0,"comment_status":"closed","ping_status":"closed","template":"","meta":{"_monsterinsights_skip_tracking":false,"_monsterinsights_sitenote_active":false,"_monsterinsights_sitenote_note":"","_monsterinsights_sitenote_category":0,"_joinchat":[],"footnotes":""},"class_list":["post-1040","page","type-page","status-publish","hentry"],"aioseo_notices":[],"_links":{"self":[{"href":"https:\/\/rapsodamindstock.com\/index.php\/wp-json\/wp\/v2\/pages\/1040","targetHints":{"allow":["GET"]}}],"collection":[{"href":"https:\/\/rapsodamindstock.com\/index.php\/wp-json\/wp\/v2\/pages"}],"about":[{"href":"https:\/\/rapsodamindstock.com\/index.php\/wp-json\/wp\/v2\/types\/page"}],"author":[{"embeddable":true,"href":"https:\/\/rapsodamindstock.com\/index.php\/wp-json\/wp\/v2\/users\/1"}],"replies":[{"embeddable":true,"href":"https:\/\/rapsodamindstock.com\/index.php\/wp-json\/wp\/v2\/comments?post=1040"}],"version-history":[{"count":6,"href":"https:\/\/rapsodamindstock.com\/index.php\/wp-json\/wp\/v2\/pages\/1040\/revisions"}],"predecessor-version":[{"id":1091,"href":"https:\/\/rapsodamindstock.com\/index.php\/wp-json\/wp\/v2\/pages\/1040\/revisions\/1091"}],"wp:attachment":[{"href":"https:\/\/rapsodamindstock.com\/index.php\/wp-json\/wp\/v2\/media?parent=1040"}],"curies":[{"name":"wp","href":"https:\/\/api.w.org\/{rel}","templated":true}]}}